t the prime factors of 14587.
29, 503
List the prime factors of 11450.
2, 5, 229
List the prime factors of 2287.
2287
List the prime factors of 1500.
2, 3, 5
List the prime factors of 32094.
2, 3, 1783
List the prime factors of 12981.
3, 4327
List the prime factors of 11485.
5, 2297
What are the prime factors of 779?
19, 41
What are the prime factors of 710?
2, 5, 71
What are the prime factors of 4094?
2, 23, 89
What are the prime factors of 65663?
13, 5051
What are the prime factors of 2495?
5, 499
List the prime factors of 7439.
43, 173
What are the prime factors of 41572?
2, 19, 547
What are the prime factors of 97?
97
What are the prime factors of 4876?
2, 23, 53
List the prime factors of 7487.
7487
What are the prime factors of 1103?
1103
List the prime factors of 6594.
2, 3, 7, 157
List the prime factors of 7837.
17, 461
What are the prime factors of 10752?
2, 3, 7
List the prime factors of 931.
7, 19
What are the prime factors of 1891?
31, 61
What are the prime factors of 166?
2, 83
What are the prime factors of 6889?
83
What are the prime factors of 10086?
2, 3, 41
What are the prime factors of 29158?
2, 61, 239
List the prime factors of 6896.
2, 431
List the prime factors of 52167.
3, 17389
What are the prime factors of 1930?
2, 5, 193
List the prime factors of 1251.
3, 139
List the prime factors of 211.
211
List the prime factors of 30262.
2, 15131
What are the prime factors of 2099?
2099
What are the prime factors of 67?
67
List the prime factors of 27618.
2, 3, 4603
List the prime factors of 577.
577
List the prime factors of 2564.
2, 641
List the prime factors of 11891.
11, 23, 47
What are the prime factors of 3646?
2, 1823
List the prime factors of 3349.
17, 197
List the prime factors of 22514.
2, 11257
What are the prime factors of 3194?
2, 1597
List the prime factors of 126.
2, 3, 7
What are the prime factors of 6095?
5, 23, 53
List the prime factors of 41899.
11, 13, 293
List the prime factors of 150.
2, 3, 5
What are the prime factors of 8709?
3, 2903
What are the prime factors of 7415?
5, 1483
What are the prime factors of 4838?
2, 41, 59
What are the prime factors of 12890?
2, 5, 1289
List the prime factors of 6287.
6287
List the prime factors of 7384.
2, 13, 71
List the prime factors of 2766.
2, 3, 461
List the prime factors of 223.
223
What are the prime factors of 20095?
5, 4019
What are the prime factors of 598?
2, 13, 23
What are the prime factors of 2344?
2, 293
What are the prime factors of 2646?
2, 3, 7
List the prime factors of 3081.
3, 13, 79
List the prime factors of 3945.
3, 5, 263
What are the prime factors of 262?
2, 131
What are the prime factors of 37601?
19, 1979
List the prime factors of 31994.
2, 17, 941
What are the prime factors of 983?
983
List the prime factors of 786.
2, 3, 131
List the prime factors of 623.
7, 89
What are the prime factors of 35440?
2, 5, 443
List the prime factors of 34584.
2, 3, 11, 131
List the prime factors of 916.
2, 229
What are the prime factors of 22580?
2, 5, 1129
List the prime factors of 136.
2, 17
What are the prime factors of 9873?
3, 1097
What are the prime factors of 4006?
2, 2003
List the prime factors of 50842.
2, 11, 2311
What are the prime factors of 50745?
3, 5, 17, 199
What are the prime factors of 4035?
3, 5, 269
What are the prime factors of 11156?
2, 2789
What are the prime factors of 188?
2, 47
What are the prime factors of 24913?
7, 3559
List the prime factors of 13824.
2, 3
List the prime factors of 556.
2, 139
What are the prime factors of 142?
2, 71
What are the prime factors of 3213?
3, 7, 17
List the prime factors of 13947.
3, 4649
List the prime factors of 31.
31
What are the prime factors of 18376?
2, 2297
List the prime factors of 10330.
2, 5, 1033
What are the prime factors of 30391?
30391
What are the prime factors of 2073?
3, 691
What are the prime factors of 19552?
2, 13, 47
List the prime factors of 24551.
24551
List the prime factors of 1235.
5, 13, 19
List the prime factors of 1884.
2, 3, 157
List the prime factors of 26620.
2, 5, 11
List the prime factors of 1167.
3, 389
List the prime factors of 1298.
2, 11, 59
List the prime factors of 619.
619
List the prime factors of 1727.
11, 157
List the prime factors of 59835.
3, 5, 3989
List the prime factors of 6198.
2, 3, 1033
What are the prime factors of 108?
2, 3
What are the prime factors of 33055?
5, 11, 601
List the prime factors of 4198.
2, 2099
List the prime factors of 51626.
2, 83, 311
List the prime factors of 1049.
1049
List the prime factors of 35909.
149, 241
List the prime factors of 17481.
3, 5827
List the prime factors of 7802.
2, 47, 83
List the prime factors of 18514.
2, 9257
What are the prime factors of 38?
2, 19
What are the prime factors of 37506?
2, 3, 7, 19, 47
List the prime factors of 3696.
2, 3, 7, 11
What are the prime factors of 92244?
2, 3, 7687
List the prime factors of 3745.
5, 7, 107
What are the prime factors of 3273?
3, 1091
What are the prime factors of 8745?
3, 5, 11, 53
List the prime factors of 3097.
19, 163
List the prime factors of 2765.
5, 7, 79
What are the prime factors of 1240?
2, 5, 31
What are the prime factors of 13223?
7, 1889
What are the prime factors of 63327?
3, 11, 19, 101
List the prime factors of 33473.
11, 17, 179
What are the prime factors of 862?
2, 431
List the prime factors of 2738.
2, 37
List the prime factors of 4015.
5, 11, 73
List the prime factors of 112565.
5, 47, 479
List the prime factors of 119033.
119033
List the prime factors of 8284.
2, 19, 109
What are the prime factors of 8037?
3, 19, 47
What are the prime factors of 22337?
7, 3191
What are the prime factors of 11469?
3, 3823
What are the prime factors of 63645?
3, 5, 4243
What are the prime factors of 9427?
11, 857
What are the prime factors of 2024?
2, 11, 23
List the prime factors of 9848.
2, 1231
What are the prime factors of 47163?
3, 79, 199
What are the prime factors of 9608?
2, 1201
What are the prime factors of 7886?
2, 3943
What are the prime factors of 12239?
12239
List the prime factors of 92411.
11, 31, 271
List the prime factors of 9367.
17, 19, 29
List the prime factors of 1159.
19, 61
What are the prime factors of 69509?
11, 71, 89
What are the prime factors of 106386?
2, 3, 7, 17, 149
List the prime factors of 31154.
2, 37, 421
What are the prime factors of 3794?
2, 7, 271
What are the prime factors of 1695?
3, 5, 113
List the prime factors of 1018.
2, 509
List the prime factors of 21180.
2, 3, 5, 353
What are the prime factors of 760?
2, 5, 19
List the prime factors of 7552.
2, 59
List the prime factors of 56681.
56681
What are the prime factors of 92397?
3, 19, 1621
What are the prime factors of 5027?
11, 457
What are the prime factors of 12761?
7, 1823
List the prime factors of 5251.
59, 89
What are the prime factors of 2?
2
List the prime factors of 1965.
3, 5, 131
List the prime factors of 306.
2, 3, 17
List the prime factors of 4095.
3, 5, 7, 13
What are the prime factors of 102?
2, 3, 17
List the prime factors of 27985.
5, 29, 193
List the prime factors of 8974.
2, 7, 641
What are the prime factors of 5039?
5039
What are the prime factors of 32039?
7, 23, 199
What are the prime factors of 42850?
2, 5, 857
List the prime factors of 28316.
2, 7079
List the prime factors of 833.
7, 17
List the prime factors of 3663.
3, 11, 37
List the prime factors of 47280.
2, 3, 5, 197
What are the prime factors of 17352?
2, 3, 241
What are the prime factors of 458?
2, 229
List the prime factors of 123.
3, 41
List the prime factors of 353.
353
What are the prime factors of 5954?
2, 13, 229
List the prime factors of 9423.
3, 349
List the prime factors of 18904.
2, 17, 139
What are the prime factors of 6350?
2, 5, 127
What are the prime factors of 4581?
3, 509
List the prime factors of 3586.
2, 11, 163
What are the prime factors of 14971?
11, 1361
List the prime factors of 1426.
2, 23, 31
List the prime factors of 1922.
2, 31
List the prime factors of 6.
2, 3
List the prime factors of 581.
7, 83
List the prime factors of 2153.
2153
What are the prime factors of 49054?
2, 24527
What are the prime factors of 211?
211
List the prime factors of 650.
2, 5, 13
List the prime factors of 23750.
2, 5, 19
What are the prime factors of 77269?
77269
What are the prime factors